{"id":1727,"date":"2017-07-14T22:08:22","date_gmt":"2017-07-14T20:08:22","guid":{"rendered":"http:\/\/polskipatchwork.pl\/?page_id=1727"},"modified":"2023-05-28T20:53:27","modified_gmt":"2023-05-28T18:53:27","slug":"partnerzy-spp","status":"publish","type":"page","link":"https:\/\/polskipatchwork.pl\/index.php\/partnerzy-spp\/","title":{"rendered":"Partnerzy SPP"},"content":{"rendered":"<p><a href=\"http:\/\/olfa.pl\/pl\/\"><img data-attachment-id=\"1754\" data-permalink=\"https:\/\/polskipatchwork.pl\/index.php\/partnerzy-spp\/logo_olfa\/\" data-orig-file=\"https:\/\/polskipatchwork.pl\/wp-content\/uploads\/2017\/07\/logo_olfa.gif\" data-orig-size=\"195,195\" data-comments-opened=\"0\" data-image-meta=\"{&quot;aperture&quot;:&quot;0&quot;,&quot;credit&quot;:&quot;&quot;,&quot;camera&quot;:&quot;&quot;,&quot;caption&quot;:&quot;&quot;,&quot;created_timestamp&quot;:&quot;0&quot;,&quot;copyright&quot;:&quot;&quot;,&quot;focal_length&quot;:&quot;0&quot;,&quot;iso&quot;:&quot;0&quot;,&quot;shutter_speed&quot;:&quot;0&quot;,&quot;title&quot;:&quot;&quot;,&quot;orientation&quot;:&quot;0&quot;}\" data-image-title=\"logo_olfa\" data-image-description=\"\" data-medium-file=\"https:\/\/polskipatchwork.pl\/wp-content\/uploads\/2017\/07\/logo_olfa.gif\" data-large-file=\"https:\/\/polskipatchwork.pl\/wp-content\/uploads\/2017\/07\/logo_olfa.gif\" loading=\"lazy\" class=\"size-thumbnail wp-image-1754 aligncenter\" src=\"http:\/\/polskipatchwork.pl\/wp-content\/uploads\/2017\/07\/logo_olfa-150x150.gif\" alt=\"logo_olfa\" width=\"150\" height=\"150\" srcset=\"https:\/\/polskipatchwork.pl\/wp-content\/uploads\/2017\/07\/logo_olfa-150x150.gif 150w, https:\/\/polskipatchwork.pl\/wp-content\/uploads\/2017\/07\/logo_olfa-176x176.gif 176w, https:\/\/polskipatchwork.pl\/wp-content\/uploads\/2017\/07\/logo_olfa-60x60.gif 60w\" sizes=\"(max-width: 150px) 100vw, 150px\" \/><\/a><\/p>\n<div align=\"center\"><a href=\"http:\/\/polskipatchwork.pl\/index.php\/category\/olfa\/\" target=\"_blank\" rel=\"noopener\"><strong>Aktualno\u015bci dotycz\u0105ce firmy Olfa<\/strong><\/a><\/div>\n<div align=\"center\">*****************<\/div>\n<p><img data-attachment-id=\"5832\" data-permalink=\"https:\/\/polskipatchwork.pl\/index.php\/partnerzy-spp\/janome_logo_mini1\/\" data-orig-file=\"https:\/\/polskipatchwork.pl\/wp-content\/uploads\/2022\/01\/Janome_logo_mini1.png\" data-orig-size=\"200,34\" data-comments-opened=\"0\" data-image-meta=\"{&quot;aperture&quot;:&quot;0&quot;,&quot;credit&quot;:&quot;&quot;,&quot;camera&quot;:&quot;&quot;,&quot;caption&quot;:&quot;&quot;,&quot;created_timestamp&quot;:&quot;0&quot;,&quot;copyright&quot;:&quot;&quot;,&quot;focal_length&quot;:&quot;0&quot;,&quot;iso&quot;:&quot;0&quot;,&quot;shutter_speed&quot;:&quot;0&quot;,&quot;title&quot;:&quot;&quot;,&quot;orientation&quot;:&quot;0&quot;}\" data-image-title=\"Janome_logo_mini1\" data-image-description=\"\" data-medium-file=\"https:\/\/polskipatchwork.pl\/wp-content\/uploads\/2022\/01\/Janome_logo_mini1.png\" data-large-file=\"https:\/\/polskipatchwork.pl\/wp-content\/uploads\/2022\/01\/Janome_logo_mini1.png\" loading=\"lazy\" class=\"aligncenter size-full wp-image-5832\" src=\"http:\/\/polskipatchwork.pl\/wp-content\/uploads\/2022\/01\/Janome_logo_mini1.png\" alt=\"\" width=\"200\" height=\"34\" \/><\/p>\n<div align=\"center\"><a href=\"https:\/\/polskipatchwork.pl\/index.php\/category\/partnerzy\/janome\/\" target=\"_blank\" rel=\"noopener\"><strong>Aktualno\u015bci dotycz\u0105ce firmy Janome<\/strong><\/a><\/div>\n<div align=\"center\">*****************<\/div>\n<p><img data-attachment-id=\"5677\" data-permalink=\"https:\/\/polskipatchwork.pl\/index.php\/2021\/10\/03\/bawmy-sie-razem-czyli-minerva-bogini-rzemiosla\/minerva_logo\/\" data-orig-file=\"https:\/\/polskipatchwork.pl\/wp-content\/uploads\/2021\/10\/Minerva_logo.jpg\" data-orig-size=\"360,360\" data-comments-opened=\"0\" data-image-meta=\"{&quot;aperture&quot;:&quot;0&quot;,&quot;credit&quot;:&quot;&quot;,&quot;camera&quot;:&quot;&quot;,&quot;caption&quot;:&quot;&quot;,&quot;created_timestamp&quot;:&quot;0&quot;,&quot;copyright&quot;:&quot;&quot;,&quot;focal_length&quot;:&quot;0&quot;,&quot;iso&quot;:&quot;0&quot;,&quot;shutter_speed&quot;:&quot;0&quot;,&quot;title&quot;:&quot;&quot;,&quot;orientation&quot;:&quot;0&quot;}\" data-image-title=\"Minerva_logo\" data-image-description=\"\" data-medium-file=\"https:\/\/polskipatchwork.pl\/wp-content\/uploads\/2021\/10\/Minerva_logo-300x300.jpg\" data-large-file=\"https:\/\/polskipatchwork.pl\/wp-content\/uploads\/2021\/10\/Minerva_logo.jpg\" loading=\"lazy\" class=\"aligncenter wp-image-5677 size-thumbnail\" src=\"http:\/\/polskipatchwork.pl\/wp-content\/uploads\/2021\/10\/Minerva_logo-150x150.jpg\" alt=\"\" width=\"150\" height=\"150\" srcset=\"https:\/\/polskipatchwork.pl\/wp-content\/uploads\/2021\/10\/Minerva_logo-150x150.jpg 150w, https:\/\/polskipatchwork.pl\/wp-content\/uploads\/2021\/10\/Minerva_logo-300x300.jpg 300w, https:\/\/polskipatchwork.pl\/wp-content\/uploads\/2021\/10\/Minerva_logo-160x160.jpg 160w, https:\/\/polskipatchwork.pl\/wp-content\/uploads\/2021\/10\/Minerva_logo-320x320.jpg 320w, https:\/\/polskipatchwork.pl\/wp-content\/uploads\/2021\/10\/Minerva_logo.jpg 360w\" sizes=\"(max-width: 150px) 100vw, 150px\" \/><\/p>\n<div align=\"center\"><a href=\"https:\/\/polskipatchwork.pl\/index.php\/category\/partnerzy\/minerva\/\" target=\"_blank\" rel=\"noopener\"><strong>Aktualno\u015bci dotycz\u0105ce firmy Minerva<\/strong><\/a><\/div>\n<div align=\"center\">*****************<\/div>\n<p><a href=\"https:\/\/maszynybrother.pl\/\"><img data-attachment-id=\"5830\" data-permalink=\"https:\/\/polskipatchwork.pl\/index.php\/partnerzy-spp\/brother-logo_mini\/\" data-orig-file=\"https:\/\/polskipatchwork.pl\/wp-content\/uploads\/2022\/01\/Brother-logo_mini-e1666133462154.jpg\" data-orig-size=\"150,62\" data-comments-opened=\"0\" data-image-meta=\"{&quot;aperture&quot;:&quot;0&quot;,&quot;credit&quot;:&quot;&quot;,&quot;camera&quot;:&quot;&quot;,&quot;caption&quot;:&quot;&quot;,&quot;created_timestamp&quot;:&quot;0&quot;,&quot;copyright&quot;:&quot;&quot;,&quot;focal_length&quot;:&quot;0&quot;,&quot;iso&quot;:&quot;0&quot;,&quot;shutter_speed&quot;:&quot;0&quot;,&quot;title&quot;:&quot;&quot;,&quot;orientation&quot;:&quot;1&quot;}\" data-image-title=\"Brother logo_mini\" data-image-description=\"\" data-medium-file=\"https:\/\/polskipatchwork.pl\/wp-content\/uploads\/2022\/01\/Brother-logo_mini-e1666133462154.jpg\" data-large-file=\"https:\/\/polskipatchwork.pl\/wp-content\/uploads\/2022\/01\/Brother-logo_mini-e1666133462154.jpg\" loading=\"lazy\" class=\"aligncenter size-full wp-image-5830\" src=\"http:\/\/polskipatchwork.pl\/wp-content\/uploads\/2022\/01\/Brother-logo_mini.jpg\" alt=\"\" width=\"200\" height=\"82\" \/><\/a><\/p>\n<div align=\"center\"><a href=\"https:\/\/polskipatchwork.pl\/index.php\/category\/partnerzy\/brother\/\" target=\"_blank\" rel=\"noopener\"><strong>Aktualno\u015bci dotycz\u0105ce firmy Brother<\/strong><\/a><\/div>\n<div align=\"center\">*****************<\/div>\n<div align=\"center\"><img data-attachment-id=\"6243\" data-permalink=\"https:\/\/polskipatchwork.pl\/index.php\/partnerzy-spp\/logo-4\/\" data-orig-file=\"https:\/\/polskipatchwork.pl\/wp-content\/uploads\/2022\/10\/logo-e1666133288621.png\" data-orig-size=\"1403,591\" data-comments-opened=\"0\" data-image-meta=\"{&quot;aperture&quot;:&quot;0&quot;,&quot;credit&quot;:&quot;&quot;,&quot;camera&quot;:&quot;&quot;,&quot;caption&quot;:&quot;&quot;,&quot;created_timestamp&quot;:&quot;0&quot;,&quot;copyright&quot;:&quot;&quot;,&quot;focal_length&quot;:&quot;0&quot;,&quot;iso&quot;:&quot;0&quot;,&quot;shutter_speed&quot;:&quot;0&quot;,&quot;title&quot;:&quot;&quot;,&quot;orientation&quot;:&quot;0&quot;}\" data-image-title=\"logo\" data-image-description=\"\" data-medium-file=\"https:\/\/polskipatchwork.pl\/wp-content\/uploads\/2022\/10\/logo-e1666133288621-300x126.png\" data-large-file=\"https:\/\/polskipatchwork.pl\/wp-content\/uploads\/2022\/10\/logo-e1666133288621-1024x431.png\" loading=\"lazy\" class=\"alignnone wp-image-6243 size-medium\" src=\"http:\/\/polskipatchwork.pl\/wp-content\/uploads\/2022\/10\/logo-e1666133288621-300x126.png\" alt=\"\" width=\"300\" height=\"126\" srcset=\"https:\/\/polskipatchwork.pl\/wp-content\/uploads\/2022\/10\/logo-e1666133288621-300x126.png 300w, https:\/\/polskipatchwork.pl\/wp-content\/uploads\/2022\/10\/logo-e1666133288621-1024x431.png 1024w, https:\/\/polskipatchwork.pl\/wp-content\/uploads\/2022\/10\/logo-e1666133288621-768x324.png 768w, https:\/\/polskipatchwork.pl\/wp-content\/uploads\/2022\/10\/logo-e1666133288621.png 1403w\" sizes=\"(max-width: 300px) 100vw, 300px\" \/><\/div>\n<div align=\"center\"><\/div>\n<div align=\"center\"><\/div>\n","protected":false},"excerpt":{"rendered":"<p>Aktualno\u015bci dotycz\u0105ce firmy Olfa ***************** Aktualno\u015bci dotycz\u0105ce firmy Janome ***************** Aktualno\u015bci dotycz\u0105ce firmy Minerva ***************** Aktualno\u015bci dotycz\u0105ce firmy Brother *****************<\/p>\n","protected":false},"author":6,"featured_media":1696,"parent":0,"menu_order":0,"comment_status":"closed","ping_status":"closed","template":"","meta":{"_monsterinsights_skip_tracking":false,"_monsterinsights_sitenote_active":false,"_monsterinsights_sitenote_note":"","_monsterinsights_sitenote_category":0,"spay_email":""},"jetpack-related-posts":[{"id":3146,"url":"https:\/\/polskipatchwork.pl\/index.php\/o-nas\/sprawozdania-z-dzialalnosci-spp-za-rok-2017\/","url_meta":{"origin":1727,"position":0},"title":"Sprawozdania z dzia\u0142alno\u015bci SPP","date":"24 wrze\u015bnia 2018","format":false,"excerpt":"Sprawozdania z dzia\u0142alno\u015bci SPP za rok 2017 Sprawozdanie Komisji Rewizyjnej SPP za rok 2017 Sprawozdanie finansowe SPP za rok 2017 \u00a0 We wtorek 20 czerwca 2017 r. mia\u0142o miejsce Walne Zebranie Cz\u0142onk\u00f3w Stowarzyszenia Polskiego Patchworku. By\u0142a to pierwsza okazja do podsumowania rocznej dzia\u0142alno\u015bci. Jak si\u0119 okaza\u0142o przez miniony rok podj\u0119li\u015bmy\u2026","rel":"","context":"Similar post","img":{"alt_text":"","src":"","width":0,"height":0},"classes":[]},{"id":272,"url":"https:\/\/polskipatchwork.pl\/index.php\/o-nas\/troche-historii\/","url_meta":{"origin":1727,"position":1},"title":"Troch\u0119 historii","date":"7 maja 2016","format":false,"excerpt":"Najcz\u0119\u015bciej my\u015blimy, \u017ce patchwork i quilting to ameryka\u0144skie \"wynalazki\". Prawda jest jednak zupe\u0142nie inna... Czy wiesz, \u017ce patchwork to zszywanie ma\u0142ych kawa\u0142k\u00f3w tkanin w wi\u0119ksz\u0105 ca\u0142o\u015b\u0107, quilt za\u015b to wynik zszycia ze sob\u0105 kilku warstw tkanin poprzez przepikowanie ich razem. Najstarsze przyk\u0142ady ubra\u0144, powsta\u0142ych ze skrawk\u00f3w albo przez przepikowanie kilku\u2026","rel":"","context":"Similar post","img":{"alt_text":"","src":"","width":0,"height":0},"classes":[]},{"id":282,"url":"https:\/\/polskipatchwork.pl\/index.php\/o-nas\/zapisz-sie-do-nas\/","url_meta":{"origin":1727,"position":2},"title":"Zapisz si\u0119 do nas","date":"7 maja 2016","format":false,"excerpt":"Do\u0142\u0105cz do naszego stowarzyszenia patchworkowego, gdzie sztuka \u0142\u0105czy si\u0119 z kreatywno\u015bci\u0105! Znajdziesz u nas nie tylko miejsce do dzielenia si\u0119 swoimi umiej\u0119tno\u015bciami, ale tak\u017ce inspiruj\u0105c\u0105 spo\u0142eczno\u015b\u0107 pe\u0142n\u0105 pasjonat\u00f3w, gotowych podzieli\u0107 si\u0119 wiedz\u0105 i pomys\u0142ami. Razem stworzymy kolorowe i unikalne dzie\u0142a, a przy okazji zawrzemy nowe przyja\u017anie! Do\u0142\u0105cz ju\u017c teraz i\u2026","rel":"","context":"Similar post","img":{"alt_text":"","src":"","width":0,"height":0},"classes":[]}],"jetpack_sharing_enabled":true,"jetpack_shortlink":"https:\/\/wp.me\/P7yhvX-rR","_links":{"self":[{"href":"https:\/\/polskipatchwork.pl\/index.php\/wp-json\/wp\/v2\/pages\/1727"}],"collection":[{"href":"https:\/\/polskipatchwork.pl\/index.php\/wp-json\/wp\/v2\/pages"}],"about":[{"href":"https:\/\/polskipatchwork.pl\/index.php\/wp-json\/wp\/v2\/types\/page"}],"author":[{"embeddable":true,"href":"https:\/\/polskipatchwork.pl\/index.php\/wp-json\/wp\/v2\/users\/6"}],"replies":[{"embeddable":true,"href":"https:\/\/polskipatchwork.pl\/index.php\/wp-json\/wp\/v2\/comments?post=1727"}],"version-history":[{"count":43,"href":"https:\/\/polskipatchwork.pl\/index.php\/wp-json\/wp\/v2\/pages\/1727\/revisions"}],"predecessor-version":[{"id":6558,"href":"https:\/\/polskipatchwork.pl\/index.php\/wp-json\/wp\/v2\/pages\/1727\/revisions\/6558"}],"wp:featuredmedia":[{"embeddable":true,"href":"https:\/\/polskipatchwork.pl\/index.php\/wp-json\/wp\/v2\/media\/1696"}],"wp:attachment":[{"href":"https:\/\/polskipatchwork.pl\/index.php\/wp-json\/wp\/v2\/media?parent=1727"}],"curies":[{"name":"wp","href":"https:\/\/api.w.org\/{rel}","templated":true}]}}