{"id":42,"date":"2016-05-02T13:51:35","date_gmt":"2016-05-02T11:51:35","guid":{"rendered":"http:\/\/u-szycie.home.pl\/_stow\/?page_id=42"},"modified":"2016-05-04T10:42:38","modified_gmt":"2016-05-04T08:42:38","slug":"konkurs-kola-kolka-i-koleczka","status":"publish","type":"page","link":"https:\/\/polskipatchwork.pl\/index.php\/konkurs-kola-kolka-i-koleczka\/","title":{"rendered":"Konkurs \u201eKo\u0142a, k\u00f3\u0142ka i k\u00f3\u0142eczka\u201d"},"content":{"rendered":"<p style=\"text-align: justify;\">Zapraszamy wszystkich do wzi\u0119cia udzia\u0142u w pierwszym konkursie Stowarzyszenia Polskiego Patchworku \u201eKo\u0142a, k\u00f3\u0142ka, k\u00f3\u0142eczka\u201d.<\/p>\n<p style=\"text-align: justify;\">Konkurs jest dwuetapowy.<br \/>\n<strong>I etap<\/strong> &#8211; \u017ceby przyst\u0105pi\u0107 do konkursu, nale\u017cy uszy\u0107 patchwork o tematyce zwi\u0105zanej z ko\u0142ami, k\u00f3\u0142kami i k\u00f3\u0142eczkami i przys\u0142a\u0107 jego zdj\u0119cia na adres <a href=\"mailto:konkurs_kolo@wp.pl\">konkurs_kolo@wp.pl<\/a> do 22 maja 2016 r.<br \/>\n<strong>II etap<\/strong> &#8211; 20 najwy\u017cej ocenionych patchwork\u00f3w zostanie pokazanych na wystawie, kt\u00f3rej wernisa\u017c odb\u0119dzie si\u0119 16 czerwca 2016 r. w Klubokawiarni Ja\u015b i Ma\u0142gosia w Warszawie przy ul. Jana Paw\u0142a II 57.<br \/>\nSpo\u015br\u00f3d 20 najlepszych nades\u0142anych prac jury wybierze 5 patchwork\u00f3w, kt\u00f3rych autorom zostan\u0105 przyznane nast\u0119puj\u0105ce nagrody:<\/p>\n<p style=\"text-align: justify;\" align=\"JUSTIFY\"><strong>I miejsce<\/strong> &#8211; voucher o warto\u015bci 600 z\u0142 brutto na zakup tkanin sfinansowany przez Fundacj\u0119 Pole Inicjatyw Tw\u00f3rczych http:\/\/poleinicjatywtworczych.blogspot.com\/<\/p>\n<p style=\"text-align: justify;\" align=\"JUSTIFY\"><img data-attachment-id=\"43\" data-permalink=\"https:\/\/polskipatchwork.pl\/index.php\/konkurs-kola-kolka-i-koleczka\/pole\/\" data-orig-file=\"https:\/\/polskipatchwork.pl\/wp-content\/uploads\/2016\/05\/pole.jpg\" data-orig-size=\"642,138\" data-comments-opened=\"1\" data-image-meta=\"{&quot;aperture&quot;:&quot;0&quot;,&quot;credit&quot;:&quot;&quot;,&quot;camera&quot;:&quot;&quot;,&quot;caption&quot;:&quot;&quot;,&quot;created_timestamp&quot;:&quot;0&quot;,&quot;copyright&quot;:&quot;&quot;,&quot;focal_length&quot;:&quot;0&quot;,&quot;iso&quot;:&quot;0&quot;,&quot;shutter_speed&quot;:&quot;0&quot;,&quot;title&quot;:&quot;&quot;,&quot;orientation&quot;:&quot;0&quot;}\" data-image-title=\"Pole Inicjatyw Tw\u00f3rczych\" data-image-description=\"\" data-medium-file=\"https:\/\/polskipatchwork.pl\/wp-content\/uploads\/2016\/05\/pole-300x64.jpg\" data-large-file=\"https:\/\/polskipatchwork.pl\/wp-content\/uploads\/2016\/05\/pole.jpg\" loading=\"lazy\" class=\"alignnone wp-image-43 size-medium\" src=\"http:\/\/u-szycie.home.pl\/_stow\/wp-content\/uploads\/2016\/05\/pole-300x64.jpg\" alt=\"Pole Inicjatyw Tw\u00f3rczych\" width=\"300\" height=\"64\" srcset=\"https:\/\/polskipatchwork.pl\/wp-content\/uploads\/2016\/05\/pole-300x64.jpg 300w, https:\/\/polskipatchwork.pl\/wp-content\/uploads\/2016\/05\/pole-624x134.jpg 624w, https:\/\/polskipatchwork.pl\/wp-content\/uploads\/2016\/05\/pole.jpg 642w\" sizes=\"(max-width: 300px) 100vw, 300px\" \/><\/p>\n<p style=\"text-align: justify;\" align=\"JUSTIFY\"><strong>II miejsce<\/strong> &#8211; zestaw tkanin do patchworku o warto\u015bci 150 z\u0142 brutto ufundowany przez sklep House of Cotton. <a href=\"http:\/\/houseofcotton.pl\/\" target=\"_blank\">http:\/\/houseofcotton.pl\/<\/a><\/p>\n<p style=\"text-align: justify;\"><img data-attachment-id=\"45\" data-permalink=\"https:\/\/polskipatchwork.pl\/index.php\/konkurs-kola-kolka-i-koleczka\/houseofcotton\/\" data-orig-file=\"https:\/\/polskipatchwork.pl\/wp-content\/uploads\/2016\/05\/houseofcotton.png\" data-orig-size=\"300,200\" data-comments-opened=\"1\" data-image-meta=\"{&quot;aperture&quot;:&quot;0&quot;,&quot;credit&quot;:&quot;&quot;,&quot;camera&quot;:&quot;&quot;,&quot;caption&quot;:&quot;&quot;,&quot;created_timestamp&quot;:&quot;0&quot;,&quot;copyright&quot;:&quot;&quot;,&quot;focal_length&quot;:&quot;0&quot;,&quot;iso&quot;:&quot;0&quot;,&quot;shutter_speed&quot;:&quot;0&quot;,&quot;title&quot;:&quot;&quot;,&quot;orientation&quot;:&quot;0&quot;}\" data-image-title=\"House of Cotton\" data-image-description=\"\" data-medium-file=\"https:\/\/polskipatchwork.pl\/wp-content\/uploads\/2016\/05\/houseofcotton-300x200.png\" data-large-file=\"https:\/\/polskipatchwork.pl\/wp-content\/uploads\/2016\/05\/houseofcotton.png\" loading=\"lazy\" class=\"wp-image-45\" src=\"http:\/\/u-szycie.home.pl\/_stow\/wp-content\/uploads\/2016\/05\/houseofcotton.png\" alt=\"House of Cotton\" width=\"300\" height=\"200\" \/><img data-attachment-id=\"46\" data-permalink=\"https:\/\/polskipatchwork.pl\/index.php\/konkurs-kola-kolka-i-koleczka\/houseofcotton2\/\" data-orig-file=\"https:\/\/polskipatchwork.pl\/wp-content\/uploads\/2016\/05\/houseofcotton2.jpg\" data-orig-size=\"917,760\" data-comments-opened=\"1\" data-image-meta=\"{&quot;aperture&quot;:&quot;0&quot;,&quot;credit&quot;:&quot;&quot;,&quot;camera&quot;:&quot;&quot;,&quot;caption&quot;:&quot;&quot;,&quot;created_timestamp&quot;:&quot;0&quot;,&quot;copyright&quot;:&quot;&quot;,&quot;focal_length&quot;:&quot;0&quot;,&quot;iso&quot;:&quot;0&quot;,&quot;shutter_speed&quot;:&quot;0&quot;,&quot;title&quot;:&quot;&quot;,&quot;orientation&quot;:&quot;0&quot;}\" data-image-title=\"House of Cotton\" data-image-description=\"\" data-medium-file=\"https:\/\/polskipatchwork.pl\/wp-content\/uploads\/2016\/05\/houseofcotton2-300x249.jpg\" data-large-file=\"https:\/\/polskipatchwork.pl\/wp-content\/uploads\/2016\/05\/houseofcotton2.jpg\" loading=\"lazy\" class=\"wp-image-46\" src=\"http:\/\/u-szycie.home.pl\/_stow\/wp-content\/uploads\/2016\/05\/houseofcotton2-300x249.jpg\" alt=\"House of Cotton\" width=\"241\" height=\"200\" srcset=\"https:\/\/polskipatchwork.pl\/wp-content\/uploads\/2016\/05\/houseofcotton2-300x249.jpg 300w, https:\/\/polskipatchwork.pl\/wp-content\/uploads\/2016\/05\/houseofcotton2-768x637.jpg 768w, https:\/\/polskipatchwork.pl\/wp-content\/uploads\/2016\/05\/houseofcotton2-624x517.jpg 624w, https:\/\/polskipatchwork.pl\/wp-content\/uploads\/2016\/05\/houseofcotton2.jpg 917w\" sizes=\"(max-width: 241px) 100vw, 241px\" \/><\/p>\n<p style=\"text-align: justify;\" align=\"JUSTIFY\"><strong>III miejsce<\/strong> &#8211; zestaw tkanin do patchworku o warto\u015bci 100 z\u0142 brutto ufundowany przez sklep Craftoholic. <a href=\"http:\/\/craftoholicshop.com\/\" target=\"_blank\">http:\/\/craftoholicshop.com\/<\/a><\/p>\n<p style=\"text-align: justify;\" align=\"JUSTIFY\"><img data-attachment-id=\"53\" data-permalink=\"https:\/\/polskipatchwork.pl\/index.php\/konkurs-kola-kolka-i-koleczka\/craftoholic\/\" data-orig-file=\"https:\/\/polskipatchwork.pl\/wp-content\/uploads\/2016\/05\/craftoholic.png\" data-orig-size=\"542,116\" data-comments-opened=\"1\" data-image-meta=\"{&quot;aperture&quot;:&quot;0&quot;,&quot;credit&quot;:&quot;&quot;,&quot;camera&quot;:&quot;&quot;,&quot;caption&quot;:&quot;&quot;,&quot;created_timestamp&quot;:&quot;0&quot;,&quot;copyright&quot;:&quot;&quot;,&quot;focal_length&quot;:&quot;0&quot;,&quot;iso&quot;:&quot;0&quot;,&quot;shutter_speed&quot;:&quot;0&quot;,&quot;title&quot;:&quot;&quot;,&quot;orientation&quot;:&quot;0&quot;}\" data-image-title=\"Craftoholic\" data-image-description=\"\" data-medium-file=\"https:\/\/polskipatchwork.pl\/wp-content\/uploads\/2016\/05\/craftoholic-300x64.png\" data-large-file=\"https:\/\/polskipatchwork.pl\/wp-content\/uploads\/2016\/05\/craftoholic.png\" loading=\"lazy\" class=\"alignnone size-medium wp-image-53\" src=\"http:\/\/u-szycie.home.pl\/_stow\/wp-content\/uploads\/2016\/05\/craftoholic-300x64.png\" alt=\"Craftoholic\" width=\"300\" height=\"64\" srcset=\"https:\/\/polskipatchwork.pl\/wp-content\/uploads\/2016\/05\/craftoholic-300x64.png 300w, https:\/\/polskipatchwork.pl\/wp-content\/uploads\/2016\/05\/craftoholic.png 542w\" sizes=\"(max-width: 300px) 100vw, 300px\" \/><\/p>\n<p style=\"text-align: justify;\" align=\"JUSTIFY\"><img data-attachment-id=\"54\" data-permalink=\"https:\/\/polskipatchwork.pl\/index.php\/konkurs-kola-kolka-i-koleczka\/craftoholic2\/\" data-orig-file=\"https:\/\/polskipatchwork.pl\/wp-content\/uploads\/2016\/05\/Craftoholic2.jpg\" data-orig-size=\"1023,519\" data-comments-opened=\"1\" data-image-meta=\"{&quot;aperture&quot;:&quot;0&quot;,&quot;credit&quot;:&quot;&quot;,&quot;camera&quot;:&quot;&quot;,&quot;caption&quot;:&quot;&quot;,&quot;created_timestamp&quot;:&quot;0&quot;,&quot;copyright&quot;:&quot;&quot;,&quot;focal_length&quot;:&quot;0&quot;,&quot;iso&quot;:&quot;0&quot;,&quot;shutter_speed&quot;:&quot;0&quot;,&quot;title&quot;:&quot;&quot;,&quot;orientation&quot;:&quot;0&quot;}\" data-image-title=\"Craftoholic\" data-image-description=\"\" data-medium-file=\"https:\/\/polskipatchwork.pl\/wp-content\/uploads\/2016\/05\/Craftoholic2-300x152.jpg\" data-large-file=\"https:\/\/polskipatchwork.pl\/wp-content\/uploads\/2016\/05\/Craftoholic2.jpg\" loading=\"lazy\" class=\"alignnone size-medium wp-image-54\" src=\"http:\/\/u-szycie.home.pl\/_stow\/wp-content\/uploads\/2016\/05\/Craftoholic2-300x152.jpg\" alt=\"Craftoholic\" width=\"300\" height=\"152\" srcset=\"https:\/\/polskipatchwork.pl\/wp-content\/uploads\/2016\/05\/Craftoholic2-300x152.jpg 300w, https:\/\/polskipatchwork.pl\/wp-content\/uploads\/2016\/05\/Craftoholic2-768x390.jpg 768w, https:\/\/polskipatchwork.pl\/wp-content\/uploads\/2016\/05\/Craftoholic2-624x317.jpg 624w, https:\/\/polskipatchwork.pl\/wp-content\/uploads\/2016\/05\/Craftoholic2.jpg 1023w\" sizes=\"(max-width: 300px) 100vw, 300px\" \/><\/p>\n<p style=\"text-align: justify;\" align=\"JUSTIFY\"><strong>IV miejsce<\/strong> &#8211; zestaw tkanin do patchworku o warto\u015bci 90 z\u0142 brutto ufundowany przez sklep Kiltowo. <a href=\"http:\/\/www.kiltowo.pl\" target=\"_blank\">http:\/\/www.kiltowo.pl<\/a><\/p>\n<p style=\"text-align: justify;\" align=\"JUSTIFY\"><img data-attachment-id=\"55\" data-permalink=\"https:\/\/polskipatchwork.pl\/index.php\/konkurs-kola-kolka-i-koleczka\/kiltowo\/\" data-orig-file=\"https:\/\/polskipatchwork.pl\/wp-content\/uploads\/2016\/05\/kiltowo.jpg\" data-orig-size=\"561,152\" data-comments-opened=\"1\" data-image-meta=\"{&quot;aperture&quot;:&quot;0&quot;,&quot;credit&quot;:&quot;&quot;,&quot;camera&quot;:&quot;&quot;,&quot;caption&quot;:&quot;&quot;,&quot;created_timestamp&quot;:&quot;0&quot;,&quot;copyright&quot;:&quot;&quot;,&quot;focal_length&quot;:&quot;0&quot;,&quot;iso&quot;:&quot;0&quot;,&quot;shutter_speed&quot;:&quot;0&quot;,&quot;title&quot;:&quot;&quot;,&quot;orientation&quot;:&quot;0&quot;}\" data-image-title=\"Kiltowo\" data-image-description=\"\" data-medium-file=\"https:\/\/polskipatchwork.pl\/wp-content\/uploads\/2016\/05\/kiltowo-300x81.jpg\" data-large-file=\"https:\/\/polskipatchwork.pl\/wp-content\/uploads\/2016\/05\/kiltowo.jpg\" loading=\"lazy\" class=\"alignnone size-medium wp-image-55\" src=\"http:\/\/u-szycie.home.pl\/_stow\/wp-content\/uploads\/2016\/05\/kiltowo-300x81.jpg\" alt=\"Kiltowo\" width=\"300\" height=\"81\" srcset=\"https:\/\/polskipatchwork.pl\/wp-content\/uploads\/2016\/05\/kiltowo-300x81.jpg 300w, https:\/\/polskipatchwork.pl\/wp-content\/uploads\/2016\/05\/kiltowo.jpg 561w\" sizes=\"(max-width: 300px) 100vw, 300px\" \/><\/p>\n<p style=\"text-align: justify;\" align=\"JUSTIFY\"><img data-attachment-id=\"56\" data-permalink=\"https:\/\/polskipatchwork.pl\/index.php\/konkurs-kola-kolka-i-koleczka\/kiltowo2\/\" data-orig-file=\"https:\/\/polskipatchwork.pl\/wp-content\/uploads\/2016\/05\/kiltowo2.jpg\" data-orig-size=\"1027,743\" data-comments-opened=\"1\" data-image-meta=\"{&quot;aperture&quot;:&quot;0&quot;,&quot;credit&quot;:&quot;&quot;,&quot;camera&quot;:&quot;&quot;,&quot;caption&quot;:&quot;&quot;,&quot;created_timestamp&quot;:&quot;0&quot;,&quot;copyright&quot;:&quot;&quot;,&quot;focal_length&quot;:&quot;0&quot;,&quot;iso&quot;:&quot;0&quot;,&quot;shutter_speed&quot;:&quot;0&quot;,&quot;title&quot;:&quot;&quot;,&quot;orientation&quot;:&quot;0&quot;}\" data-image-title=\"Kiltowo\" data-image-description=\"\" data-medium-file=\"https:\/\/polskipatchwork.pl\/wp-content\/uploads\/2016\/05\/kiltowo2-300x217.jpg\" data-large-file=\"https:\/\/polskipatchwork.pl\/wp-content\/uploads\/2016\/05\/kiltowo2-1024x741.jpg\" loading=\"lazy\" class=\"alignnone size-medium wp-image-56\" src=\"http:\/\/u-szycie.home.pl\/_stow\/wp-content\/uploads\/2016\/05\/kiltowo2-300x217.jpg\" alt=\"Kiltowo\" width=\"300\" height=\"217\" srcset=\"https:\/\/polskipatchwork.pl\/wp-content\/uploads\/2016\/05\/kiltowo2-300x217.jpg 300w, https:\/\/polskipatchwork.pl\/wp-content\/uploads\/2016\/05\/kiltowo2-768x556.jpg 768w, https:\/\/polskipatchwork.pl\/wp-content\/uploads\/2016\/05\/kiltowo2-1024x741.jpg 1024w, https:\/\/polskipatchwork.pl\/wp-content\/uploads\/2016\/05\/kiltowo2-624x451.jpg 624w, https:\/\/polskipatchwork.pl\/wp-content\/uploads\/2016\/05\/kiltowo2.jpg 1027w\" sizes=\"(max-width: 300px) 100vw, 300px\" \/><\/p>\n<p style=\"text-align: justify;\" align=\"JUSTIFY\"><strong>V miejsce<\/strong> &#8211; zestaw tkanin do patchworku o warto\u015bci 80 z\u0142 brutto ufundowany przez sklep Robins Patchwork. <a href=\"http:\/\/www.robinspatchwork.eu\/\" target=\"_blank\">http:\/\/www.robinspatchwork.eu\/<\/a><\/p>\n<p style=\"text-align: justify;\" align=\"JUSTIFY\"><img data-attachment-id=\"60\" data-permalink=\"https:\/\/polskipatchwork.pl\/index.php\/konkurs-kola-kolka-i-koleczka\/robins4\/\" data-orig-file=\"https:\/\/polskipatchwork.pl\/wp-content\/uploads\/2016\/05\/robins4.jpg\" data-orig-size=\"731,474\" data-comments-opened=\"1\" data-image-meta=\"{&quot;aperture&quot;:&quot;0&quot;,&quot;credit&quot;:&quot;&quot;,&quot;camera&quot;:&quot;&quot;,&quot;caption&quot;:&quot;&quot;,&quot;created_timestamp&quot;:&quot;0&quot;,&quot;copyright&quot;:&quot;&quot;,&quot;focal_length&quot;:&quot;0&quot;,&quot;iso&quot;:&quot;0&quot;,&quot;shutter_speed&quot;:&quot;0&quot;,&quot;title&quot;:&quot;&quot;,&quot;orientation&quot;:&quot;0&quot;}\" data-image-title=\"Robins Patchwork\" data-image-description=\"\" data-medium-file=\"https:\/\/polskipatchwork.pl\/wp-content\/uploads\/2016\/05\/robins4-300x195.jpg\" data-large-file=\"https:\/\/polskipatchwork.pl\/wp-content\/uploads\/2016\/05\/robins4.jpg\" loading=\"lazy\" class=\"alignnone wp-image-60 size-full\" src=\"http:\/\/u-szycie.home.pl\/_stow\/wp-content\/uploads\/2016\/05\/robins4.jpg\" alt=\"Robins Patchwork\" width=\"731\" height=\"474\" srcset=\"https:\/\/polskipatchwork.pl\/wp-content\/uploads\/2016\/05\/robins4.jpg 731w, https:\/\/polskipatchwork.pl\/wp-content\/uploads\/2016\/05\/robins4-300x195.jpg 300w, https:\/\/polskipatchwork.pl\/wp-content\/uploads\/2016\/05\/robins4-624x405.jpg 624w\" sizes=\"(max-width: 731px) 100vw, 731px\" \/><\/p>\n<p style=\"text-align: justify;\" align=\"JUSTIFY\">Wszelkie informacje o Konkursie mo\u017cna uzyska\u0107 pisz\u0105c na adres: <a href=\"mailto:konkurs_kolo@wp.pl\">konkurs_kolo@wp.pl<\/a>.<br \/>\n<a href=\"\/wp-content\/uploads\/2016\/05\/konkurs-kola-regulamin-i-karta-zgloszenia-na-www.pdf\" target=\"_blank\">Regulamin i karta zg\u0142oszenia do konkursu<\/a><br \/>\n<a href=\"\/wp-content\/uploads\/2016\/05\/konkurs-kola-harmonogram-na-www.pdf\" target=\"_blank\">Harmonogram konkursu<\/a><\/p>\n","protected":false},"excerpt":{"rendered":"<p>Zapraszamy wszystkich do wzi\u0119cia udzia\u0142u w pierwszym konkursie Stowarzyszenia Polskiego Patchworku \u201eKo\u0142a, k\u00f3\u0142ka, k\u00f3\u0142eczka\u201d. Konkurs jest dwuetapowy. I etap &#8211; \u017ceby przyst\u0105pi\u0107 do konkursu, nale\u017cy uszy\u0107 patchwork o tematyce zwi\u0105zanej z ko\u0142ami, k\u00f3\u0142kami i&#46;&#46;&#46;<\/p>\n","protected":false},"author":6,"featured_media":0,"parent":0,"menu_order":0,"comment_status":"closed","ping_status":"closed","template":"","meta":{"_monsterinsights_skip_tracking":false,"_monsterinsights_sitenote_active":false,"_monsterinsights_sitenote_note":"","_monsterinsights_sitenote_category":0,"spay_email":""},"jetpack-related-posts":[{"id":142,"url":"https:\/\/polskipatchwork.pl\/index.php\/o-nas\/patchworkowe-darcie-pierza\/","url_meta":{"origin":42,"position":0},"title":"Patchworkowe Darcie Pierza (Archiwum)","date":"3 maja 2016","format":false,"excerpt":"Na pocz\u0105tku 2015 roku kilka kobiet szyj\u0105cych patchworki z Warszawy i okolic mia\u0142o ochot\u0119 spotka\u0107 si\u0119, porozmawia\u0107 i pokaza\u0107 sobie swoje patchworki. Znalaz\u0142y\u015bmy miejsce, ustali\u0142y\u015bmy, \u017ce b\u0119dziemy spotyka\u0107 si\u0119 w ostatnie czwartki miesi\u0105ca. Kto\u015b (chyba Hania) nazwa\u0142 to \u201ePatchworkowym Darciem Pierza\u201d. Taki by\u0142 nieformalny pocz\u0105tek zawi\u0105zywania si\u0119 naszego Stowarzyszenia. Po\u2026","rel":"","context":"Similar post","img":{"alt_text":"","src":"","width":0,"height":0},"classes":[]},{"id":269,"url":"https:\/\/polskipatchwork.pl\/index.php\/o-nas\/nasze-cele\/","url_meta":{"origin":42,"position":1},"title":"Nasze cele","date":"7 maja 2016","format":false,"excerpt":"Naszym zamiarem jest przede wszystkim: - podejmowanie i propagowanie dzia\u0142a\u0144 edukacyjnych na rzecz upowszechniania sztuki patchworku w Polsce, - wspieranie tw\u00f3rc\u00f3w zaanga\u017cowanych w rozwijanie tej formy r\u0119kodzie\u0142a, - organizowanie wystaw patchwork\u00f3w, - organizowanie konkurs\u00f3w i kurs\u00f3w patchworkowych. Chcemy, aby ka\u017cdy zainteresowany t\u0105 form\u0105 r\u0119kodzie\u0142a, niezale\u017cnie od umiej\u0119tno\u015bci i do\u015bwiadczenia, czu\u0142\u2026","rel":"","context":"Similar post","img":{"alt_text":"","src":"","width":0,"height":0},"classes":[]},{"id":272,"url":"https:\/\/polskipatchwork.pl\/index.php\/o-nas\/troche-historii\/","url_meta":{"origin":42,"position":2},"title":"Troch\u0119 historii","date":"7 maja 2016","format":false,"excerpt":"Najcz\u0119\u015bciej my\u015blimy, \u017ce patchwork i quilting to ameryka\u0144skie \"wynalazki\". Prawda jest jednak zupe\u0142nie inna... Czy wiesz, \u017ce patchwork to zszywanie ma\u0142ych kawa\u0142k\u00f3w tkanin w wi\u0119ksz\u0105 ca\u0142o\u015b\u0107, quilt za\u015b to wynik zszycia ze sob\u0105 kilku warstw tkanin poprzez przepikowanie ich razem. Najstarsze przyk\u0142ady ubra\u0144, powsta\u0142ych ze skrawk\u00f3w albo przez przepikowanie kilku\u2026","rel":"","context":"Similar post","img":{"alt_text":"","src":"","width":0,"height":0},"classes":[]},{"id":17,"url":"https:\/\/polskipatchwork.pl\/index.php\/o-nas\/","url_meta":{"origin":42,"position":3},"title":"O nas","date":"27 kwietnia 2016","format":false,"excerpt":"Patchworkowa rodzina powi\u0119ksza si\u0119 Popularno\u015b\u0107 patchwork\u00f3w na \u015bwiecie zyska\u0142a nowy wymiar wraz z rozwojem internetu i dost\u0119pem do wielu wirtualnych galerii sztuki tekstylnej, przepis\u00f3w na szycie i szablon\u00f3w, kurs\u00f3w on-line oraz wyspecjalizowanych sklep\u00f3w z tkaninami, pasmanteri\u0105 i akcesoriami do szycia. To zainteresowanie patchworkiem nie omin\u0119\u0142o Polski, gdzie takie prace powstaj\u0105\u2026","rel":"","context":"Similar post","img":{"alt_text":"","src":"","width":0,"height":0},"classes":[]},{"id":282,"url":"https:\/\/polskipatchwork.pl\/index.php\/o-nas\/zapisz-sie-do-nas\/","url_meta":{"origin":42,"position":4},"title":"Zapisz si\u0119 do nas","date":"7 maja 2016","format":false,"excerpt":"Do\u0142\u0105cz do naszego stowarzyszenia patchworkowego, gdzie sztuka \u0142\u0105czy si\u0119 z kreatywno\u015bci\u0105! Znajdziesz u nas nie tylko miejsce do dzielenia si\u0119 swoimi umiej\u0119tno\u015bciami, ale tak\u017ce inspiruj\u0105c\u0105 spo\u0142eczno\u015b\u0107 pe\u0142n\u0105 pasjonat\u00f3w, gotowych podzieli\u0107 si\u0119 wiedz\u0105 i pomys\u0142ami. Razem stworzymy kolorowe i unikalne dzie\u0142a, a przy okazji zawrzemy nowe przyja\u017anie! Do\u0142\u0105cz ju\u017c teraz i\u2026","rel":"","context":"Similar post","img":{"alt_text":"","src":"","width":0,"height":0},"classes":[]},{"id":2841,"url":"https:\/\/polskipatchwork.pl\/index.php\/polityka-prywatnosci\/","url_meta":{"origin":42,"position":5},"title":"Polityka Prywatno\u015bci","date":"19 czerwca 2018","format":false,"excerpt":"Adres naszej strony internetowej to: http:\/\/polskipatchwork.pl.\u00a0\u00a0Administratorem strony jest Stowarzyszenie Polskiego Patchworku.\u00a0Kontakt z administratorem mo\u017cliwy pod adresem e-mail stowarzyszenie@polskipatchwork.pl Administrator przechowuje pliki cookies na urz\u0105dzeniu ko\u0144cowym U\u017cytkownika, a nast\u0119pnie uzyskuje dost\u0119p do informacji w nich zawartych w celach statystycznych i w celu zapewnienia prawid\u0142owego dzia\u0142ania Strony.\u00a0Administrator informuje niniejszym U\u017cytkownika, \u017ce istnieje\u2026","rel":"","context":"Similar post","img":{"alt_text":"","src":"","width":0,"height":0},"classes":[]}],"jetpack_sharing_enabled":true,"jetpack_shortlink":"https:\/\/wp.me\/P7yhvX-G","_links":{"self":[{"href":"https:\/\/polskipatchwork.pl\/index.php\/wp-json\/wp\/v2\/pages\/42"}],"collection":[{"href":"https:\/\/polskipatchwork.pl\/index.php\/wp-json\/wp\/v2\/pages"}],"about":[{"href":"https:\/\/polskipatchwork.pl\/index.php\/wp-json\/wp\/v2\/types\/page"}],"author":[{"embeddable":true,"href":"https:\/\/polskipatchwork.pl\/index.php\/wp-json\/wp\/v2\/users\/6"}],"replies":[{"embeddable":true,"href":"https:\/\/polskipatchwork.pl\/index.php\/wp-json\/wp\/v2\/comments?post=42"}],"version-history":[{"count":21,"href":"https:\/\/polskipatchwork.pl\/index.php\/wp-json\/wp\/v2\/pages\/42\/revisions"}],"predecessor-version":[{"id":241,"href":"https:\/\/polskipatchwork.pl\/index.php\/wp-json\/wp\/v2\/pages\/42\/revisions\/241"}],"wp:attachment":[{"href":"https:\/\/polskipatchwork.pl\/index.php\/wp-json\/wp\/v2\/media?parent=42"}],"curies":[{"name":"wp","href":"https:\/\/api.w.org\/{rel}","templated":true}]}}